+ 20*k**2 + 20*k + 21. Let b be p(-19). Suppose -t - 81 = -b*t. Suppose 9*z - 603 = -t. What are the prime factors of z?
2, 29
Suppose 3*d - 3432 = -10*d. Suppose x - 102 - 40 = -s, -2*x + 2*s + d = 0. List the prime factors of x.
137
Suppose -3*q - 2*s = -171944, q - 12*s - 57309 = -7*s. List the prime factors of q.
2, 28657
Suppose -2*w + w + 4*v + 133 = 0, 137 = w - 2*v. Let x = -1946 - -1886. Let t = x + w. List the prime factors of t.
3
Suppose -5*s = 2*d - 8661, 4329 = 26*d - 25*d + 3*s. List the prime factors of d.
2, 3, 241
Suppose -251*t + 511289 = -1287377. List the prime factors of t.
2, 3583
Let k(q) = 31*q - 60. Let x be k(-14). Let v = x - -1013. List the prime factors of v.
3, 173
Let k = 131 + -138. Let c be (-34860)/(-245)*k/(-2). Suppose 3*q - c + 156 = 0. List the prime factors of q.
2, 3, 19
List the prime factors of (0/(-1) + 90/18 - 4879)*-2.
2, 2437
Let y = 85 - 86. Let o be 6 - y/(4 + -5). What are the prime factors of (o + -6)/(357/(-178) - -2)?
2, 89
Let t = 145945 + -69188. What are the prime factors of t?
76757
Suppose j - 5*i - 14 = 0, 3*i + 7 = 5*j - 19. Suppose j*l - 870 = -h, 2*l = -2*h + 4*l + 1700. List the prime factors of h.
2, 7, 61
Let x = 5295 - -1518. List the prime factors of x.
3, 757
Suppose -l - 2*r - 841 = 0, 10*l + r + 3378 = 6*l. Let i = l + 1345. What are the prime factors of i?
2, 5
Let t(f) = 3*f**2 - 13*f + 121. List the prime factors of t(-59).
3, 1259
Let n(t) be the third derivative of 9*t**4/2 - 101*t**2 + 2. What are the prime factors of n(2)?
2, 3
Suppose -2037819 + 120382 = -63*p - 285233. What are the prime factors of p?
2, 3, 17, 127
Let a = 7052 + 8247. List the prime factors of a.
15299
Let p(a) = 14*a - 5. Let m be p(8). Suppose -5*g + m + 303 = 0. Let r = -59 + g. What are the prime factors of r?
23
List the prime factors of (-20085)/(-2) - 336/224.
3, 3347
Suppose 15*s + 12 = 17*s. Suppose -a - s = r + 2*a, r + 5*a = -12. Suppose -9*q = r*q - 972. List the prime factors of q.
3
Let r(d) = 16*d**3 - 89*d**2 - 71*d + 107. Let g(a) = -3*a**3 + 18*a**2 + 14*a - 22. Let w(m) = 11*g(m) + 2*r(m). List the prime factors of w(10).
2, 3, 7, 13
Let k be 5 + (-935)/(4 + -9). Suppose 3*l = 3*v - 2046, -k + 878 = v - 5*l. What are the prime factors of v?
3, 227
Let v(u) = 4 + 6 - 13 - 20 - 16 - 3*u + 20*u**2. What are the prime factors of v(-5)?
2, 7, 17
Let v be -4 - (-3)/((-6)/4). Let c(a) be the second derivative of -5*a**3 + 6*a**2 - a + 2. What are the prime factors of c(v)?
2, 3
Suppose 0*s + 5210 = s - 2*o, 0 = 3*s + o - 15651. What are the prime factors of s?
2, 163
Suppose 13*q + 0*q = 39. Suppose 0 = -q*s + 9, -1400 = -l - l - 2*s. List the prime factors of l.
17, 41
Let q(u) = -u**2 - 60*u - 14. Let n be q(-30). Let t = -619 + n. What are the prime factors of t?
3, 89
Suppose 167039 = 37*b + 2960 - 56330. List the prime factors of b.
7, 23, 37
Let l be (-28)/(-6) + (-2)/3. Suppose -j + 0*j = -l*g + 4, -2*g + 14 = j. What are the prime factors of j + -6 + (-282)/(-2)?
11, 13
Let b(p) = 26*p - 65. Let v(a) = 286*a - 714. Let q(s) = 68*b(s) - 6*v(s). List the prime factors of q(8).
2, 5, 7
What are the prime factors of (-56)/14*(-108283)/14?
2, 31, 499
Let c = -21256 - -33780. What are the prime factors of c?
2, 31, 101
Let y be 30/(-80) - 21/8. What are the prime factors of y/((-6)/(-2364)*-6)?
197
Let a(l) = -7*l + 55. Let f be a(5). Let z = 15 - 3. What are the prime factors of (f/(-6))/((-1)/z)?
2, 5
Let d be (-102)/(-10) - 17/85. What are the prime factors of (915/d)/((2/4)/1)?
3, 61
Let p(n) = -n**2 - 9*n - 64. Let j be p(0). What are the prime factors of 48/j + 9510/8?
2, 3, 11
Suppose 0 = -8*f + 4*f - 500. What are the prime factors of (-6)/(-15) + 5/(f/(-25890))?
2, 7, 37
Suppose -4*b + 364 = 4*c, 0 = -0*c + 2*c - 3*b - 177. Let f(g) = 2*g**2 - g + 2. Let k be f(8). Let v = k - c. List the prime factors of v.
2
Let u = 0 - -4. Suppose -5*o + 2*o = -5*x + 16, 5*x - 13 = u*o. Let m(n) = 2*n**3 - 3*n**2 + 4*n + 2. List the prime factors of m(o).
41
Let c(r) = -4*r + 10. Let f(y) = y. Let k(n) = c(n) + 6*f(n). Let a be k(-6). What are the prime factors of (9/a)/((-1)/2)?
3
Suppose -15*q + 95147 = -35608. What are the prime factors of q?
23, 379
Suppose 167 = 6*n - 703. List the prime factors of n.
5, 29
Let h = -26 - 354. List the prime factors of ((-6)/6)/1*h.
2, 5, 19
Suppose -5*y = -5*a, 14 = 5*a - 6. Suppose -5*g + y*g + 93 = 0. List the prime factors of g.
3, 31
Suppose 157352 = 4*w - 9*q + 7*q, 2*q = -3*w + 118021. List the prime factors of w.
3, 31, 47
Let l = 3 - 8. Let k = 3871 + -3869. What are the prime factors of (-218 + 1)*(l + k)/3?
7, 31
Suppose -n - 9 = -87. Suppose 0 = -4*i + 8*i - 3*x - n, 3*i - 60 = 3*x. What are the prime factors of i?
2, 3
Let z(j) = -j**3 + 19*j**2 - 24*j + 54. Let h be z(18). Let k = h - -456. List the prime factors of k.
2, 3, 67
Suppose 20129 = 2*m + h, 335*m = 340*m - 3*h - 50317. List the prime factors of m.
2, 17, 37
Let u(y) = 45*y - 1067. Let x be u(17). Let k(a) = -461*a**3 + a**2 - a + 1. Let h be k(1). Let w = x - h. List the prime factors of w.
2, 79
Let w = 13594 + -4747. List the prime factors of w.
3, 983
Suppose -5*u = -24*u - 57. Let a(y) = -29*y**3 + 2*y**2 + 6*y + 5. What are the prime factors of a(u)?
2, 197
Let v(r) = 2*r - 8. Let y be v(6). Suppose -y*z - 4*k = -6*z + 8, -3 = 3*k. Suppose -57 - 59 = -z*f + 5*h, 0 = -3*h + 6. List the prime factors of f.
3, 7
Suppose 395*p = 451*p - 1347920. What are the prime factors of p?
2, 5, 29, 83
Let f(q) = 103*q**2 - 5*q - 10. Let l be f(-3). Suppose 14*n + 106 = l. List the prime factors of n.
59
Let l(z) = -z**2 - 5*z + 2. Let s = -175 - -172. What are the prime factors of l(s)?
2
Suppose 8*p - 7*p = -4*j + 73530, -2*p - 12 = 0. List the prime factors of j.
2, 3, 383
Let z be (-2 + 4)*2 - (81 + 0). Let x = z + 80. Suppose -8*p + 15 = -5*p, -x*p = -2*g + 13. What are the prime factors of g?
2, 7
Suppose 0 = i - 39*v + 40*v - 2820, 2*i + 3*v = 5636. List the prime factors of i.
2, 353
Let i = 66376 + 2934. What are the prime factors of i?
2, 5, 29, 239
Let q(k) = -50*k + 2103. List the prime factors of q(-52).
4703
Let m = -36537 + 52380. What are the prime factors of m?
3, 5281
Suppose 544 = 3*v - 0*v - m, -4 = -2*m. List the prime factors of 28/v - (-25346)/26.
3, 5, 13
Let w be -2 + -5*34 + 2. Let u = 577 + w. List the prime factors of u.
11, 37
Suppose -328*z = -338*z + 131570. List the prime factors of z.
59, 223
Let d(c) be the second derivative of c**5/20 - 5*c**4/6 - c**3/6 + 7*c**2 - 64*c + 1. Let g = 22 + -12. What are the prime factors of d(g)?
2
Let p(j) = 5*j - 32. Let z be p(7). Let l be z + (-14 + 17)/(3/(-202)). What are the prime factors of l/3*(-1 + -2)?
199
Let z = 81 - 78. What are the prime factors of (11 - -183) + (z - 0)?
197
Suppose -o = 3*l + 13, 4*l + 2*o - 10 = 7*l. What are the prime factors of (4 - 2) + 37 - l?
43
Suppose -5*x + 0 + 34 = -t, -x - 2*t - 2 = 0. Let a(v) = 3*v**3 - 10*v + 49. What are the prime factors of a(x)?
7, 13
What are the prime factors of (-69 + 70)/(3/8181)?
3, 101
Let v(i) be the second derivative of 3*i**5/5 - i**4/12 + i**2/2 - 11*i. Let g be v(1). Suppose g*c - 539 = 5*c. What are the prime factors of c?
7, 11
Suppose -110 = 2*a + 3*a - 4*k, -a + 7 = 5*k. List the prime factors of (42/a)/(-7)*1164.
2, 97
What are the prime factors of 1*4831 + -4 + (-140)/(-14)?
7, 691
What are the prime factors of 97/(-3)*11097/(-27)?
97, 137
Suppose -4*k - 20 = -6*k - 4*a, 20 = -3*k + 4*a. Suppose k = 5*i + 246 - 1516. What are the prime factors of i?
2, 127
Let h = 747 + 570. Suppose p - 471 = f, -5*p - 3*f = -1046 - h. What are the prime factors of p?
2, 59
Suppose 2*r - 44 = 4*o, o = -2*r + 3*r - 18. Suppose r*b = 2835 + 4543. List the prime factors of b.
17, 31
What are the prime factors of (24580/(-90))/((-30)/2160)?
2, 1229
Let f = 36290 + -19815. What are the prime factors of f?
5, 659
Suppose -q + 5*v + 81 = -170, -2*q + 4*v + 520 = 0. Suppose -s + q = 5*t, -4*s - 834 = -7*s - 3*t. What are the prime factors of s?
281
Let q(k) = 46*k - 3*k**2 + k**2 + 10 + 1 - 15*k. Let u be q(16). Let t(w) = -3*w**3 - 9*w**2 + 6*w + 7. What are the prime factors of t(u)?
127
Let v = -1760 + 10072. List the prime factors of v.
2, 1039
Suppose 20